posite number?
True
Let c be 193*(10/5 - 3). Let h = c - -378. Is h a prime number?
False
Let f(z) be the third derivative of 17*z**7/360 + z**6/720 + z**5/120 - z**4/4 - 8*z**2. Let y(d) be the second derivative of f(d). Is y(-1) a composite number?
True
Suppose 0 = 5*v - 2*v - 9. Suppose -11 = v*n - 4*n. Suppose 8*o = n*o - 237. Is o a composite number?
False
Suppose -13*q + 5 + 8 = 0. Is (-2)/4*q*-1822 composite?
False
Let p(q) = 55*q**2 - 3*q - 3. Let r be p(-1). Let a = 3 - 5. Is r + a/(-1)*-1 a composite number?
False
Is 6/(-4 + 7) - -1*14693 a composite number?
True
Let a(u) = -1906*u - 209. Is a(-21) composite?
True
Let a(w) = w**3 - 7*w**2 + 11*w - 27. Let s be a(6). Is (s*5079/(-27))/((-1)/3) a prime number?
True
Suppose -19*g + 217134 = 73589. Is g a prime number?
False
Let s = -8 + 13. Suppose 436 = -s*y + y. Let r = y + 162. Is r prime?
True
Suppose -5*o + 9223 = 2*c, 0 = -5*o + 26*c - 23*c + 9203. Is o a composite number?
True
Let f be 178/26 - (-4)/26. Suppose -f*h + 6*h + 265 = 0. Is h prime?
False
Suppose -170 = 4*s + 58. Let h = s - -112. Is h a composite number?
True
Suppose o - 2 = -0*o, 106 = 4*k + 5*o. Suppose -307 = -c + k. Is c composite?
False
Let y(s) = s**2 + 11*s - 12*s - 4*s**2 + 4*s**2 - 14*s**3 - 3. Is y(-2) prime?
False
Let r(u) = 969*u**2 - 6*u + 4. Is r(-3) a composite number?
True
Suppose -4*u - 12 = -2*x, 39 = 3*x - 2*u + 3*u. Suppose 0 = 7*d - 8*d - 2. Is (d/1)/(x/(-1758)) a prime number?
True
Suppose x + 30 = -4*f - x, 2*x - 33 = 5*f. Let l be ((-90)/21)/(1/f). Suppose 365 = 5*v + l. Is v prime?
True
Let l(d) = -2*d**2 + 12*d - 5. Let b be l(5). Suppose -b*i - 8*i = -18109. Is i prime?
False
Let l(m) = m**3 + m + 2. Let i = -8 + 6. Let b be l(i). Is ((-636)/b)/((-3)/(-4)) a composite number?
True
Let t(l) = -7*l + 2. Let j be ((-1)/2)/(1/(-6)). Suppose 3*z + 18 = -5*n, -4*n + j*z - 6 = -n. Is t(n) a prime number?
True
Let g be (-4)/18 - (-19338)/27. Suppose -9*d + g = -5*d. Is d a composite number?
False
Suppose -5*u = -0*u + 40. Let w(y) = -3*y**2 + 9*y + 7. Let f(o) = 2*o**2 - 4*o - 3. Let m(k) = 5*f(k) + 3*w(k). Is m(u) composite?
True
Let f(h) = h**3 - 10*h**2 + 27*h + 6. Let m be f(12). Let i = m + -359. Is i a prime number?
False
Let f(p) = p**2 + 4*p + 2. Let b be f(-4). Let v = b - -5. Suppose 2*s - v = 5. Is s prime?
False
Let j be ((-124)/(-6))/((-3)/((-45)/10)). Let q = 117 - j. Is q composite?
True
Suppose 3*i - 5*g = 88478, 0 = -2*i + 5*i - g - 88498. Is i a composite number?
False
Let t = 16 + -8. Suppose -7*q - 839 = -t*q. Is q prime?
True
Let g(j) = j**3 - 6*j**2 - 7*j + 4. Let t be g(7). Suppose 2*w - 750 = -4*f, 0*w - t*w = 3*f - 1510. Is w composite?
False
Let k(d) = -31*d**3 + 10*d**2 + 17*d + 9. Is k(-5) a composite number?
False
Let v = -23930 - -59451. Is v a composite number?
False
Suppose 3927 = 5*w - 668. Suppose -7*t - w = -8*t. Is t a composite number?
False
Let j = -17448 - 7659. Is (-24)/30 + j/(-15) prime?
False
Let s(v) be the second derivative of 3*v**3/2 + v**2 + 7*v. Let k be s(1). Is 1707/k - 32/176 composite?
True
Suppose 0 = 3*b - 4*b + 10. Let c = 8 - b. Is (-162)/c - (-8)/(-2) a prime number?
False
Let g(i) = i**3 - 5*i**2 - 6*i. Let k be g(6). Let c = -17 - -22. Suppose 52 = v + z - k*z, 2*v - c*z = 125. Is v prime?
False
Is ((-39)/(-9) + -5)*75585/(-10) a prime number?
True
Suppose 5*c - 5*v - 157725 = 0, -5*c - v + 126200 = -c. Is c composite?
True
Suppose -1357275 = -571*g + 556*g. Is g composite?
True
Let o = -91 + 60. Let w = o + 41. Suppose -g = r - w, -4*r + 2 - 10 = -4*g. Is g a composite number?
True
Let v(r) = -2*r + 14. Let s be v(5). Suppose -5*x - 2511 = -s*n, x + 3180 = 5*n + 3*x. Is n a composite number?
True
Let p = 11537 - 1040. Is p a prime number?
False
Let w = 1174 - -805. Is w composite?
False
Let l(g) = g**3 + 12*g**2 - 5*g + 5. Let j = -28 - -33. Suppose j*z = -4*y - 10, 3*y = z + y + 16. Is l(z) prime?
True
Suppose 2*d - 6 = -c, 5*d - 1 = c + 7. Is 7718 - c/((-10)/15) composite?
True
Let r(u) = -u**3 + u**2 + u - 55. Let m be r(0). Let s be (-88)/m + 4/10. Suppose 5*f - 2371 = 2*f + 5*y, -4*f - s*y + 3196 = 0. Is f a composite number?
False
Suppose -10*b - 7301 = -17*b. Is b a prime number?
False
Let w = 10455 - 6286. Is w prime?
False
Suppose -2*g + 0*v + 2*v = -3974, -v + 7943 = 4*g. Suppose -3*f - g = -6*f + 4*t, 2*f - 2*t = 1324. Is f composite?
True
Let v(l) = -12*l**2 + 2*l - 2. Let x be v(-5). Let y = -133 - x. Is y composite?
False
Let f = 1688 - 994. Is f prime?
False
Suppose 0 = -x - 0*i - 5*i + 4754, -14212 = -3*x - 5*i. Is x composite?
False
Suppose -3113 = -2*r - 281. Let l = -929 + r. Is l a composite number?
False
Suppose 4*x + 544 = 4*g, -3*x + 2*x + 396 = 3*g. Suppose 2*q - g - 107 = 0. Let h = 303 - q. Is h a composite number?
True
Suppose -f + 0*q + 7934 = 3*q, 0 = 4*f - q - 31671. Is f a prime number?
True
Let p(z) = -69*z + 143. Is p(-6) a composite number?
False
Suppose 6*z + 3*z = -279. Let y = -16 - z. Is y composite?
True
Let o = -2217 - -5104. Is o a prime number?
True
Suppose 0 = 2*k - 2*o - 5848, -5*o = -2*k - 0*o + 5857. Is k a composite number?
True
Is (-62858)/(2*(9/(-3))/3) a prime number?
False
Is (52/(-6))/(9/((-43902)/12)) prime?
False
Suppose 0 = -5*i - 5*m + 38125 + 63230, 8*i = -4*m + 162148. Is i a prime number?
False
Let t = 11882 + -5437. Is t composite?
True
Let b(h) = h**3 - 12*h**2 - 3*h - 19. Suppose 0 = -5*n + 38 + 27. Is b(n) composite?
True
Let z = -502 + -331. Let h = z + 1662. Is h a composite number?
False
Let u be 1 - 3*-2 - 3. Suppose -2*w = 2*b - 5*b + 8, 2*b = u*w + 8. Let k = w - -4. Is k a prime number?
True
Suppose -1177024 + 185554 = -30*c. Is c a composite number?
False
Let f(z) = -z**2 + 2*z**2 + 95*z + 3 - 84*z. Let d be f(-11). Is (1700/(-12))/(-5)*d a prime number?
False
Let a be (-55)/(-22) - (-2)/4. Suppose -n = a*n + 2*r - 5274, -3*n = -r - 3953. Is n composite?
True
Suppose -5*d - 94 = h, 2*h = -0*h + 3*d - 123. Let f = h - -98. Let l = f - -36. Is l a prime number?
False
Let o = 1099 + 328. Suppose -2*r + 5*r + 4*y = o, -r + 449 = -4*y. Is r a composite number?
True
Suppose 284 = -0*r - r. Let t = 427 + r. Is t a composite number?
True
Suppose 3*s - 1073 + 4020 = 5*p, 0 = 4*s + 16. Is p prime?
True
Let o = -14 + 8. Let f be -6*(-2 + (-21)/o). Is 3/f + 525/9 a composite number?
True
Suppose 0 = -98*a + 374100 + 829634. Is a prime?
False
Suppose 5*l + 8*f - 3*f = 615, -16 = -4*f. Suppose l + 101 = 5*c. Suppose -t + c + 9 = 0. Is t composite?
False
Suppose 0 = -2*w + 16. Let s = 14 - w. Suppose -s*o = 2*o - 10696. Is o a prime number?
False
Let q = -42753 - -72800. Is q prime?
True
Let c be (-1*2)/((-65)/25 - -3). Is (c - (-126 + -6))*1/1 a composite number?
False
Suppose 4*l - 2*u + 70 = 510, -5*l + 563 = 4*u. Let n be (-1 + 0 - -17)/(-1). Is (n/(-24))/(2/l) composite?
False
Suppose 0 = 3*z - i - i - 25, -4*z + 4*i + 40 = 0. Suppose 5*u - 2*f - 8191 = -0*u, -8197 = -z*u - f. Is u a prime number?
False
Suppose -17830 = 3*o - 8*o. Is o a composite number?
True
Let v(w) = w**3 + 9*w**2 + 8*w + 3. Let p = -16 + 8. Let q be v(p). Suppose -6*o + 381 = -q*o. Is o prime?
True
Let f be (-1)/(-3)*4*3. Let w = 1588 + 1097. Suppose 0 = -5*n + 2*l + w, -f*l + 1473 = 4*n - 647. Is n prime?
False
Let o = -274 - -576. Suppose 3*s = 2*k - o, -5*k + 4*k = 5*s + 499. Let j = 179 + s. Is j prime?
True
Suppose -162485 = -14*z - 39943. Is z a prime number?
True
Let b(f) = 2242*f - 93. Is b(7) a prime number?
True
Let t(n) = 8782*n**2 + 15*n - 16. Is t(1) composite?
True
Let g(z) = 7*z - 5. Suppose -12 = 2*k + 4. Let t be 2/k - 136/(-32). Is g(t) composite?
False
Let r = -15 + 18. Suppose -r*f + 4*z + 1813 = 2*f, -5*z + 15 = 0. Suppose -5*m = -f - 1220. Is m prime?
True
Suppose -3*v - 1412 = -5495. Is v composite?
False
Let b(p) = -p**3 + 4 + 0 + 7*p**2 + 0*p**3 + 8*p. Let r be b(8). Suppose -1465 = -5*l + 3*g, 0*l - 2*l = -r*g - 586. Is l a composite number?
False
Suppose -3*x - 1184 - 301 = 0. Let a = x - -2684. Is a composite?
True
Suppose -3*s + 2074450 = 67*s. Is s a composite number?
True
Let w(t) be the third derivative of t**6/120 + t**5/60 + 11*t**3/3 - t**2. Let n(l) = -l**3 - 31*l**2 - 85*l - 28. Let z be n(-28). Is w(z) prime?
False
Let y(k) = -295*k - 259. Is y(-26) a prime number?